undred thousands digit of 3628653390?
6
What is the hundreds digit of 1464619602?
6
What is the millions digit of 74093366?
4
What is the tens digit of 808950019?
1
What is the hundred thousands digit of 349625432?
6
What is the hundred millions digit of 230318056?
2
What is the hundreds digit of 879366292?
2
What is the thousands digit of 569275229?
5
What is the millions digit of 63238911?
3
What is the units digit of 64453307?
7
What is the hundred millions digit of 1494425052?
4
What is the ten thousands digit of 35098609?
9
What is the hundred thousands digit of 154897222?
8
What is the thousands digit of 278468699?
8
What is the ten thousands digit of 165136397?
3
What is the ten thousands digit of 318598?
1
What is the hundred thousands digit of 3028261953?
2
What is the millions digit of 870069811?
0
What is the ten thousands digit of 189195943?
9
What is the thousands digit of 144058160?
8
What is the tens digit of 70624857?
5
What is the hundred thousands digit of 3218602346?
6
What is the ten millions digit of 11097726?
1
What is the tens digit of 613096448?
4
What is the millions digit of 82905314?
2
What is the units digit of 81940024?
4
What is the tens digit of 166385608?
0
What is the tens digit of 933909752?
5
What is the thousands digit of 373555403?
5
What is the hundred millions digit of 196734024?
1
What is the ten thousands digit of 9940760?
4
What is the hundred thousands digit of 763730638?
7
What is the millions digit of 3355541129?
5
What is the millions digit of 177176826?
7
What is the hundred millions digit of 1741930946?
7
What is the units digit of 1078690433?
3
What is the hundred thousands digit of 4029990055?
9
What is the units digit of 3953746682?
2
What is the tens digit of 489946981?
8
What is the millions digit of 27937817?
7
What is the ten millions digit of 7879201702?
7
What is the hundred millions digit of 802162244?
8
What is the hundred thousands digit of 5163633446?
6
What is the millions digit of 123757208?
3
What is the tens digit of 41785655?
5
What is the ten millions digit of 1407619235?
0
What is the hundred millions digit of 930846422?
9
What is the hundred thousands digit of 758232684?
2
What is the hundreds digit of 41613166?
1
What is the billions digit of 3755449564?
3
What is the millions digit of 8300893?
8
What is the ten millions digit of 67252379?
6
What is the tens digit of 487550609?
0
What is the hundred millions digit of 7204405141?
2
What is the tens digit of 9215771?
7
What is the hundred millions digit of 100293075?
1
What is the units digit of 460484802?
2
What is the units digit of 51880234?
4
What is the hundred millions digit of 161279150?
1
What is the units digit of 1916134939?
9
What is the units digit of 1377899184?
4
What is the ten thousands digit of 2174537114?
3
What is the tens digit of 172106890?
9
What is the billions digit of 1406065482?
1
What is the millions digit of 52167370?
2
What is the ten thousands digit of 4148963756?
6
What is the ten millions digit of 70620616?
7
What is the units digit of 1377286879?
9
What is the tens digit of 43013824?
2
What is the hundred millions digit of 233354252?
2
What is the hundred thousands digit of 33788555?
7
What is the thousands digit of 485553160?
3
What is the thousands digit of 896334193?
4
What is the hundreds digit of 2829871123?
1
What is the ten millions digit of 944049791?
4
What is the ten thousands digit of 142916319?
1
What is the hundred millions digit of 4147439694?
1
What is the hundred thousands digit of 344386735?
3
What is the hundred thousands digit of 1293258739?
2
What is the thousands digit of 155020344?
0
What is the millions digit of 229400150?
9
What is the millions digit of 894542788?
4
What is the ten millions digit of 190422128?
9
What is the ten millions digit of 1724242439?
2
What is the units digit of 39718448?
8
What is the tens digit of 410658687?
8
What is the ten thousands digit of 141324091?
2
What is the units digit of 30090720?
0
What is the tens digit of 12271942?
4
What is the hundreds digit of 676192850?
8
What is the hundred millions digit of 1148770992?
1
What is the ten thousands digit of 211435460?
3
What is the ten thousands digit of 2939042549?
4
What is the hundreds digit of 71920646?
6
What is the ten thousands digit of 3729498?
2
What is the hundreds digit of 57761489?
4
What is the units digit of 37017411?
1
What is the millions digit of 122226810?
2
What is the hundreds digit of 1184919831?
8
What is the hundreds digit of 14630364?
3
What is the hundred thousands digit of 22940792?
9
What is the millions digit of 1176038658?
6
What is the ten millions digit of 1950890602?
5
What is the ten thousands digit of 44330085?
3
What is the thousands digit of 42376603?
6
What is the ten thousands digit of 108497170?
9
What is the hundreds digit of 109929862?
8
What is the millions digit of 2935589687?
5
What is the ten millions digit of 91429054?
9
What is the hundred millions digit of 2162663185?
1
What is the hundreds digit of 4554972914?
9
What is the hundred millions digit of 2577567825?
5
What is the thousands digit of 103285412?
5
What is the ten thousands digit of 2514815019?
1
What is the hundred thousands digit of 78098750?
0
What is the hundreds digit of 64606091?
0
What is the ten thousands digit of 77376377?
7
What is the hundreds digit of 2334952?
9
What is the billions digit of 3769143422?
3
What is the thousands digit of 352550726?
0
What is the millions digit of 7788763?
7
What is the tens digit of 935671780?
8
What is the millions digit of 171384936?
1
What is the hundred thousands digit of 15077989?
0
What is the ten millions digit of 401731208?
0
What is the millions digit of 287763763?
7
What is the hundred millions digit of 133768563?
1
What is the units digit of 29742622?
2
What is the ten thousands digit of 60333848?
3
What is the ten thousands digit of 53474633?
7
What is the hundred thousands digit of 111742114?
7
What is the thousands digit of 58094190?
4
What is the hundred thousands digit of 1161201362?
2
What is the ten millions digit of 2160980358?
6
What is the thousands digit of 1198264238?
4
What is the ten thousands digit of 98076137?
7
What is the ten thousands digit of 201837425?
3
What is the tens digit of 307324642?
4
What is the hundred millions digit of 1117055298?
1
What is the hundreds digit of 86047747?
7
What is the ten millions digit of 736951609?
3
What is the tens digit of 1226805905?
0
What is the thousands digit of 37729613?
9
What is the thousands digit of 473904260?
4
What is the tens digit of 31858115?
1
What is the hundred thousands digit of 391322877?
3
What is the hundred millions digit of 708437232?
7
What is the units digit of 6714177263?
3
What is the hundred millions digit of 1826583837?
8
What is the hundred thousands digit of 783130168?
1
What is the hundreds digit of 729383265?
2
What is the millions digit of 62672635?
2
What is the thousands digit of 1337833985?
3
What is the millions digit of 1158426599?
8
What is the hundreds digit of 76526417?
4
What is the millions digit of 29312307?
9
What is the hundreds digit of 36634363?
3
What is the ten millions digit of 33296829?
3
What is the units digit of 511164889?
9
What is the hundred thousands digit of 39771061?
7
What is the thousands digit of 620324191?
4
What is the thousands digit of 167559705?
9
What is the tens digit of 2240051548?
4
What is the thousands digit of 117836264?
6
What is the hundreds digit of 513711689?
6
What is the millions digit of 531518161?
1
What is the hundred millions digit of 705263272?
7
What is the hundred millions digit of 241481322?
2
What is the units digit of 226526680?
0
What is the ten millions digit of 22950246?
2
What is the thousands digit of 2085209354?
9
What is the hundreds digit of 1894943549?
5
What is the thousands digit of 52716376?
6
What is the units digit of 1760360?
0
What is the hundred thousands digit of 58368155?
3
What is the hundred thousands digit of 139923346?
9
What is the hundreds digit of 204955700?
7
What is the thousands digit of 68067845?
7
What is the tens digit of 102055547?
4
What is the units digit of 460944889?
9
What is the ten millions digit of 482535262?
8
What is the hundreds digit of 